{"id":98,"date":"2012-07-03T11:12:00","date_gmt":"2012-07-03T11:12:00","guid":{"rendered":"http:\/\/www.gestionlocal.es\/?page_id=98"},"modified":"2019-11-18T11:24:21","modified_gmt":"2019-11-18T11:24:21","slug":"quienes-somos","status":"publish","type":"page","link":"https:\/\/www.gestionlocal.es\/?page_id=98","title":{"rendered":"Quienes somos"},"content":{"rendered":"<div class=\"excerpt-thumb\" style=\"text-align: justify;\"><img loading=\"lazy\" decoding=\"async\" title=\"TCU\" src=\"http:\/\/www.gestionlocal.es\/imagenes\/elsecretario.jpg\" alt=\"\" width=\"250\" height=\"180\"><\/div>\n<div align=\"justify\"><span style=\"font-family: Arial;\">El Secretario S.L., empresa afincada en la capital salmantina, que surge en el a\u00f1o 1984 con la idea de comercializar material de papeler\u00eda, especializ\u00e1ndonos en modelaci\u00f3n para los Ayuntamientos. Todo comienzo resulta complicado, pero la singularidad y calidad de nuestro trabajo facilit\u00f3 la acogida por parte del mercado.<\/span><\/div>\n<div align=\"justify\"><\/div>\n<div align=\"justify\">\n<p><span style=\"font-family: Arial;\"><span style=\"font-family: Arial;\">La aprobaci\u00f3n de la Ley 39\/1988 de 28 de diciembre, reguladora de las Haciendas Locales, implant\u00f3 un nuevo sistema tributario local que trajo consigo una reestructuraci\u00f3n importante en el contenido y forma de la gesti\u00f3n econ\u00f3mica local.<\/span><\/span><\/p>\n<p>La Orden de 20 de septiembre de 1989 estableci\u00f3 con car\u00e1cter general la estructura de los presupuestos de las entidades locales, teniendo en cuenta la naturaleza econ\u00f3mica de los ingresos y de los gastos, as\u00ed como las finalidades u objetivos que con \u00e9stos \u00faltimos se propongan conseguir. Todos estos cambios provocaron dificultades en la llevanza tradicional de las Cuentas Municipales.<\/p>\n<p>En 1990, comenzamos a desarrollar un sistema inform\u00e1tico que permit\u00eda la confecci\u00f3n del expediente completo del Presupuesto General, adaptado a la nueva normativa y que proporcion\u00f3 una soluci\u00f3n eficaz a muchas entidades locales. Desde ese momento, se apost\u00f3 por la investigaci\u00f3n y el desarrollo de aplicaciones para dotar a estas entidades de herramientas eficaces para su gesti\u00f3n.&nbsp; Adem\u00e1s de proporcionar sistemas inform\u00e1ticos, se invirtieron tiempo y medios en formar a los usuarios.<\/p>\n<p>Actualmente la Empresa cuenta con un equipo humano de profesionales que permite llevar a cabo de forma eficaz la implantaci\u00f3n y puesta en funcionamiento de las distintas aplicaciones que comercializamos, as\u00ed como dar una asistencia y mantenimiento continuo, todo ello con profesionalidad y calidad de servicio.<\/p>\n<p>Disponemos de c\u00e9ntricas instalaciones en la calle Norberto Cuesta Dutari donde aparte del desarrollo del software para la Administraci\u00f3n Local, se prestan los servicios de&nbsp; formaci\u00f3n, mantenimiento y consulta.<\/p>\n<p>&nbsp;<\/p>\n<\/div>\n","protected":false},"excerpt":{"rendered":"<p>El Secretario S.L., empresa afincada en la capital salmantina, que surge en el a\u00f1o 1984 con la idea de comercializar material de papeler\u00eda, especializ\u00e1ndonos en modelaci\u00f3n para los Ayuntamientos. Todo comienzo resulta complicado, pero la singularidad y calidad de nuestro trabajo facilit\u00f3 la acogida por parte del mercado. La aprobaci\u00f3n de la Ley 39\/1988 de &hellip; <\/p>\n<p><a class=\"more-link btn\" href=\"https:\/\/www.gestionlocal.es\/?page_id=98\">Seguir leyendo<\/a><\/p>\n","protected":false},"author":1,"featured_media":0,"parent":0,"menu_order":5,"comment_status":"closed","ping_status":"closed","template":"","meta":{"footnotes":""},"class_list":["post-98","page","type-page","status-publish","hentry","nodate","item-wrap"],"_links":{"self":[{"href":"https:\/\/www.gestionlocal.es\/index.php?rest_route=\/wp\/v2\/pages\/98","targetHints":{"allow":["GET"]}}],"collection":[{"href":"https:\/\/www.gestionlocal.es\/index.php?rest_route=\/wp\/v2\/pages"}],"about":[{"href":"https:\/\/www.gestionlocal.es\/index.php?rest_route=\/wp\/v2\/types\/page"}],"author":[{"embeddable":true,"href":"https:\/\/www.gestionlocal.es\/index.php?rest_route=\/wp\/v2\/users\/1"}],"replies":[{"embeddable":true,"href":"https:\/\/www.gestionlocal.es\/index.php?rest_route=%2Fwp%2Fv2%2Fcomments&post=98"}],"version-history":[{"count":6,"href":"https:\/\/www.gestionlocal.es\/index.php?rest_route=\/wp\/v2\/pages\/98\/revisions"}],"predecessor-version":[{"id":624,"href":"https:\/\/www.gestionlocal.es\/index.php?rest_route=\/wp\/v2\/pages\/98\/revisions\/624"}],"wp:attachment":[{"href":"https:\/\/www.gestionlocal.es\/index.php?rest_route=%2Fwp%2Fv2%2Fmedia&parent=98"}],"curies":[{"name":"wp","href":"https:\/\/api.w.org\/{rel}","templated":true}]}}