{"id":59,"date":"2012-06-01T15:47:24","date_gmt":"2012-06-01T15:47:24","guid":{"rendered":"http:\/\/www.gestionlocal.es\/?page_id=59"},"modified":"2015-07-10T07:39:07","modified_gmt":"2015-07-10T07:39:07","slug":"presupuesto-general","status":"publish","type":"page","link":"https:\/\/www.gestionlocal.es\/?page_id=59","title":{"rendered":"Presupuesto General"},"content":{"rendered":"<div class=\"excerpt-thumb\" style=\"text-align: justify;\">\n<img loading=\"lazy\" decoding=\"async\" title=\"Presupuesto\" src=\"http:\/\/www.gestionlocal.es\/imagenes\/Presupuesto.jpg\" alt=\"\" width=\"250\" height=\"180\" \/><\/p>\n<p style=\"text-align: justify;\">Presupuesto General se encuentra integrado como un m\u00f3dulo en cualquiera de los modelos contables desarrollados, aunque tambi\u00e9n se comercializa como aplicaci\u00f3n independiente para usuarios que disponen de sistemas contables que no permiten la elaboraci\u00f3n del expediente completo del Presupuesto General. Est\u00e1 adaptado a la Orden EHA\/3565\/2008 de 3 diciembre por la que se aprueba la nueva estructura de los presupuestos de las entidades locales.<\/p>\n<p style=\"text-align: justify;\">Presenta el Presupuesto a nivel de \u00e1rea de gasto y subconcepto, tal como establece el art. 10 de la mencionada Orden.<\/p>\n<p style=\"text-align: justify;\">Contiene la documentaci\u00f3n obligatoria regulada por los art\u00edculos 162 y siguientes del Texto Refundido de la Ley de Haciendas Locales (RDL 2\/2004 de 5 de marzo) y por el Real Decreto 500\/1990 de 20 de abril.<\/p>\n<p style=\"text-align: justify;\">Los cr\u00e9ditos iniciales se introducen de forma sencilla obteniendo los listados num\u00e9ricos con las diferentes clasificaciones. Permite la edici\u00f3n de los textos de los distintos anexos que componen el Presupuesto.<\/p>\n<p style=\"text-align: justify;\">Genera el fichero XBRL debidamente formado para la remisi\u00f3n telem\u00e1tica de la informaci\u00f3n presupuestaria a la Direcci\u00f3n General de Coordinaci\u00f3n Financiera con las Entidades Locales. Todos los listados pueden visualizarse en pantalla, ser impresos en papel y generados en formato PDF.<\/p>\n<p style=\"text-align: justify;\">Se trata de una aplicaci\u00f3n de sencillo manejo y con grandes ventajas, como son la confecci\u00f3n de presupuestos de ejercicios futuros, ya que los datos y textos se prorrogan de un ejercicio al siguiente.<\/p>\n<\/div>\n","protected":false},"excerpt":{"rendered":"<p>Presupuesto General se encuentra integrado como un m\u00f3dulo en cualquiera de los modelos contables desarrollados, aunque tambi\u00e9n se comercializa como aplicaci\u00f3n independiente para usuarios que disponen de sistemas contables que no permiten la elaboraci\u00f3n del expediente completo del Presupuesto General. Est\u00e1 adaptado a la Orden EHA\/3565\/2008 de 3 diciembre por la que se aprueba la &hellip; <\/p>\n<p><a class=\"more-link btn\" href=\"https:\/\/www.gestionlocal.es\/?page_id=59\">Seguir leyendo<\/a><\/p>\n","protected":false},"author":1,"featured_media":0,"parent":0,"menu_order":1,"comment_status":"closed","ping_status":"closed","template":"","meta":{"footnotes":""},"class_list":["post-59","page","type-page","status-publish","hentry","nodate","item-wrap"],"_links":{"self":[{"href":"https:\/\/www.gestionlocal.es\/index.php?rest_route=\/wp\/v2\/pages\/59","targetHints":{"allow":["GET"]}}],"collection":[{"href":"https:\/\/www.gestionlocal.es\/index.php?rest_route=\/wp\/v2\/pages"}],"about":[{"href":"https:\/\/www.gestionlocal.es\/index.php?rest_route=\/wp\/v2\/types\/page"}],"author":[{"embeddable":true,"href":"https:\/\/www.gestionlocal.es\/index.php?rest_route=\/wp\/v2\/users\/1"}],"replies":[{"embeddable":true,"href":"https:\/\/www.gestionlocal.es\/index.php?rest_route=%2Fwp%2Fv2%2Fcomments&post=59"}],"version-history":[{"count":6,"href":"https:\/\/www.gestionlocal.es\/index.php?rest_route=\/wp\/v2\/pages\/59\/revisions"}],"predecessor-version":[{"id":471,"href":"https:\/\/www.gestionlocal.es\/index.php?rest_route=\/wp\/v2\/pages\/59\/revisions\/471"}],"wp:attachment":[{"href":"https:\/\/www.gestionlocal.es\/index.php?rest_route=%2Fwp%2Fv2%2Fmedia&parent=59"}],"curies":[{"name":"wp","href":"https:\/\/api.w.org\/{rel}","templated":true}]}}